{"id":803,"date":"2024-01-27T14:45:28","date_gmt":"2024-01-27T13:45:28","guid":{"rendered":"https:\/\/fildoux.fr\/?post_type=product&#038;p=803"},"modified":"2024-01-27T15:06:54","modified_gmt":"2024-01-27T14:06:54","slug":"bottes-aigle-et-echarpe-rouges","status":"publish","type":"product","link":"https:\/\/fildoux.fr\/index.php\/produit\/bottes-aigle-et-echarpe-rouges\/","title":{"rendered":"Bottes \u00ab\u00a0Aigle\u00a0\u00bb et \u00e9charpe rouges"},"content":{"rendered":"<p>Chaussures pour animal de plus de 24 cm et \u00e9charpe assortie. Tricot\u00e9es main en coton.<\/p>\n","protected":false},"excerpt":{"rendered":"<p>Chaussures pour animal de plus de 24 cm et \u00e9charpe assortie. Tricot\u00e9es main en coton.<\/p>\n","protected":false},"featured_media":798,"template":"","meta":[],"product_brand":[],"product_cat":[23],"product_tag":[],"class_list":{"0":"post-803","1":"product","2":"type-product","3":"status-publish","4":"has-post-thumbnail","6":"product_cat-vetements","7":"entry","9":"first","10":"outofstock","11":"purchasable","12":"product-type-simple"},"jetpack_sharing_enabled":true,"_links":{"self":[{"href":"https:\/\/fildoux.fr\/index.php\/wp-json\/wp\/v2\/product\/803","targetHints":{"allow":["GET"]}}],"collection":[{"href":"https:\/\/fildoux.fr\/index.php\/wp-json\/wp\/v2\/product"}],"about":[{"href":"https:\/\/fildoux.fr\/index.php\/wp-json\/wp\/v2\/types\/product"}],"wp:featuredmedia":[{"embeddable":true,"href":"https:\/\/fildoux.fr\/index.php\/wp-json\/wp\/v2\/media\/798"}],"wp:attachment":[{"href":"https:\/\/fildoux.fr\/index.php\/wp-json\/wp\/v2\/media?parent=803"}],"wp:term":[{"taxonomy":"product_brand","embeddable":true,"href":"https:\/\/fildoux.fr\/index.php\/wp-json\/wp\/v2\/product_brand?post=803"},{"taxonomy":"product_cat","embeddable":true,"href":"https:\/\/fildoux.fr\/index.php\/wp-json\/wp\/v2\/product_cat?post=803"},{"taxonomy":"product_tag","embeddable":true,"href":"https:\/\/fildoux.fr\/index.php\/wp-json\/wp\/v2\/product_tag?post=803"}],"curies":[{"name":"wp","href":"https:\/\/api.w.org\/{rel}","templated":true}]}}