{"id":60,"date":"2022-10-25T17:42:37","date_gmt":"2022-10-25T15:42:37","guid":{"rendered":"https:\/\/fildoux.fr\/?post_type=product&#038;p=60"},"modified":"2024-07-07T09:10:37","modified_gmt":"2024-07-07T07:10:37","slug":"ourse-noire","status":"publish","type":"product","link":"https:\/\/fildoux.fr\/index.php\/produit\/ourse-noire\/","title":{"rendered":"Ourse noire, 24 cm"},"content":{"rendered":"<p>Ourse noire est tricot\u00e9e \u00e0 la main dans un fil 65% Alpaga, 28% Polyamide, 7% laine<\/p>\n<p>Ses v\u00eatements sont en laine, elle peut se d\u00e9shabiller enti\u00e8rement.<\/p>\n<p>Son museau et ses yeux sont brod\u00e9s.<\/p>\n<p>Elle mesure 24 cm<\/p>\n","protected":false},"excerpt":{"rendered":"<p>Ourse noire est tricot\u00e9e \u00e0 la main dans un fil 65% Alpaga, 28% Polyamide, 7% laine Ses v\u00eatements sont en laine, elle peut se d\u00e9shabiller enti\u00e8rement. Son museau et ses yeux sont brod\u00e9s. Elle mesure 24 cm<\/p>\n","protected":false},"featured_media":783,"template":"","meta":[],"product_brand":[],"product_cat":[19],"product_tag":[],"class_list":{"0":"post-60","1":"product","2":"type-product","3":"status-publish","4":"has-post-thumbnail","6":"product_cat-animal-tricote","7":"entry","9":"first","10":"instock","11":"purchasable","12":"product-type-simple"},"jetpack_sharing_enabled":true,"_links":{"self":[{"href":"https:\/\/fildoux.fr\/index.php\/wp-json\/wp\/v2\/product\/60","targetHints":{"allow":["GET"]}}],"collection":[{"href":"https:\/\/fildoux.fr\/index.php\/wp-json\/wp\/v2\/product"}],"about":[{"href":"https:\/\/fildoux.fr\/index.php\/wp-json\/wp\/v2\/types\/product"}],"wp:featuredmedia":[{"embeddable":true,"href":"https:\/\/fildoux.fr\/index.php\/wp-json\/wp\/v2\/media\/783"}],"wp:attachment":[{"href":"https:\/\/fildoux.fr\/index.php\/wp-json\/wp\/v2\/media?parent=60"}],"wp:term":[{"taxonomy":"product_brand","embeddable":true,"href":"https:\/\/fildoux.fr\/index.php\/wp-json\/wp\/v2\/product_brand?post=60"},{"taxonomy":"product_cat","embeddable":true,"href":"https:\/\/fildoux.fr\/index.php\/wp-json\/wp\/v2\/product_cat?post=60"},{"taxonomy":"product_tag","embeddable":true,"href":"https:\/\/fildoux.fr\/index.php\/wp-json\/wp\/v2\/product_tag?post=60"}],"curies":[{"name":"wp","href":"https:\/\/api.w.org\/{rel}","templated":true}]}}