{"id":596,"date":"2023-02-20T14:30:04","date_gmt":"2023-02-20T13:30:04","guid":{"rendered":"https:\/\/fildoux.fr\/?post_type=product&#038;p=596"},"modified":"2024-01-13T17:12:23","modified_gmt":"2024-01-13T16:12:23","slug":"chale","status":"publish","type":"product","link":"https:\/\/fildoux.fr\/index.php\/produit\/chale\/","title":{"rendered":"Ch\u00e2le papillon"},"content":{"rendered":"<p>Ch\u00e2le tricot\u00e9 \u00e0 la main en point ajour\u00e9. Luxueux fil laine et cachemire.<\/p>\n<p>Dimensions : 190cm x 90cm<\/p>\n","protected":false},"excerpt":{"rendered":"<p>Ch\u00e2le tricot\u00e9 \u00e0 la main en point ajour\u00e9. Luxueux fil laine et cachemire. Dimensions : 190cm x 90cm<\/p>\n","protected":false},"featured_media":598,"template":"","meta":[],"product_brand":[],"product_cat":[20],"product_tag":[],"class_list":{"0":"post-596","1":"product","2":"type-product","3":"status-publish","4":"has-post-thumbnail","6":"product_cat-echarpes-cols-chales","7":"entry","9":"first","10":"outofstock","11":"purchasable","12":"product-type-simple"},"jetpack_sharing_enabled":true,"_links":{"self":[{"href":"https:\/\/fildoux.fr\/index.php\/wp-json\/wp\/v2\/product\/596","targetHints":{"allow":["GET"]}}],"collection":[{"href":"https:\/\/fildoux.fr\/index.php\/wp-json\/wp\/v2\/product"}],"about":[{"href":"https:\/\/fildoux.fr\/index.php\/wp-json\/wp\/v2\/types\/product"}],"wp:featuredmedia":[{"embeddable":true,"href":"https:\/\/fildoux.fr\/index.php\/wp-json\/wp\/v2\/media\/598"}],"wp:attachment":[{"href":"https:\/\/fildoux.fr\/index.php\/wp-json\/wp\/v2\/media?parent=596"}],"wp:term":[{"taxonomy":"product_brand","embeddable":true,"href":"https:\/\/fildoux.fr\/index.php\/wp-json\/wp\/v2\/product_brand?post=596"},{"taxonomy":"product_cat","embeddable":true,"href":"https:\/\/fildoux.fr\/index.php\/wp-json\/wp\/v2\/product_cat?post=596"},{"taxonomy":"product_tag","embeddable":true,"href":"https:\/\/fildoux.fr\/index.php\/wp-json\/wp\/v2\/product_tag?post=596"}],"curies":[{"name":"wp","href":"https:\/\/api.w.org\/{rel}","templated":true}]}}