{"id":579,"date":"2022-12-13T13:53:51","date_gmt":"2022-12-13T12:53:51","guid":{"rendered":"https:\/\/fildoux.fr\/?post_type=product&#038;p=579"},"modified":"2024-07-07T09:08:07","modified_gmt":"2024-07-07T07:08:07","slug":"marin-27-cm","status":"publish","type":"product","link":"https:\/\/fildoux.fr\/index.php\/produit\/marin-27-cm\/","title":{"rendered":"Marin, 27 cm"},"content":{"rendered":"<p>Marin est tricot\u00e9 \u00e0 la main dans un fil coton\/m\u00e9rino 50% coton, 50% laine pour le corps.<\/p>\n<p>Son pull est en fil 100% laine, son short en 100% coton, ces v\u00eatements peuvent s\u2019enlever. Les chaussures par contre sont int\u00e9gr\u00e9es au corps.<\/p>\n<p>Son museau et ses yeux sont brod\u00e9s.<\/p>\n<p>Il mesure 27 cm.<\/p>\n","protected":false},"excerpt":{"rendered":"<p>Marin est tricot\u00e9 \u00e0 la main dans un fil coton\/m\u00e9rino 50% coton, 50% laine pour le corps. Son pull est en fil 100% laine, son short en 100% coton, ces v\u00eatements peuvent s\u2019enlever. Les chaussures par contre sont int\u00e9gr\u00e9es au corps. Son museau et ses yeux sont brod\u00e9s. Il mesure 27 cm.<\/p>\n","protected":false},"featured_media":580,"template":"","meta":[],"product_brand":[],"product_cat":[19],"product_tag":[],"class_list":{"0":"post-579","1":"product","2":"type-product","3":"status-publish","4":"has-post-thumbnail","6":"product_cat-animal-tricote","7":"entry","9":"first","10":"instock","11":"purchasable","12":"product-type-simple"},"jetpack_sharing_enabled":true,"_links":{"self":[{"href":"https:\/\/fildoux.fr\/index.php\/wp-json\/wp\/v2\/product\/579","targetHints":{"allow":["GET"]}}],"collection":[{"href":"https:\/\/fildoux.fr\/index.php\/wp-json\/wp\/v2\/product"}],"about":[{"href":"https:\/\/fildoux.fr\/index.php\/wp-json\/wp\/v2\/types\/product"}],"wp:featuredmedia":[{"embeddable":true,"href":"https:\/\/fildoux.fr\/index.php\/wp-json\/wp\/v2\/media\/580"}],"wp:attachment":[{"href":"https:\/\/fildoux.fr\/index.php\/wp-json\/wp\/v2\/media?parent=579"}],"wp:term":[{"taxonomy":"product_brand","embeddable":true,"href":"https:\/\/fildoux.fr\/index.php\/wp-json\/wp\/v2\/product_brand?post=579"},{"taxonomy":"product_cat","embeddable":true,"href":"https:\/\/fildoux.fr\/index.php\/wp-json\/wp\/v2\/product_cat?post=579"},{"taxonomy":"product_tag","embeddable":true,"href":"https:\/\/fildoux.fr\/index.php\/wp-json\/wp\/v2\/product_tag?post=579"}],"curies":[{"name":"wp","href":"https:\/\/api.w.org\/{rel}","templated":true}]}}