{"id":17,"date":"2022-10-25T15:19:49","date_gmt":"2022-10-25T13:19:49","guid":{"rendered":"https:\/\/fildoux.fr\/index.php\/page-daccueil\/"},"modified":"2024-01-27T15:08:46","modified_gmt":"2024-01-27T14:08:46","slug":"page-daccueil","status":"publish","type":"page","link":"https:\/\/fildoux.fr\/","title":{"rendered":"Bienvenue chez Fil Doux"},"content":{"rendered":"\n<p class=\"has-text-align-center\"><strong>Les nouveaux Doudoux, enti\u00e8rement tricot\u00e9s en coton dans un fil certifi\u00e9 Oeko-Tex vous attendent !<\/strong><\/p>\n\n\n\n<p>Vous pouvez \u00e9galement choisir votre Doudou unique, contactez-moi et je le tricoterai selon vos souhaits (animal, v\u00eatements, accessoires)<\/p>\n\n\n\n<figure class=\"wp-block-image size-large\"><img loading=\"lazy\" decoding=\"async\" width=\"1024\" height=\"1024\" src=\"https:\/\/fildoux.fr\/wp-content\/uploads\/2024\/01\/IMG_0188-1024x1024.jpeg\" alt=\"\" class=\"wp-image-800\" srcset=\"https:\/\/fildoux.fr\/wp-content\/uploads\/2024\/01\/IMG_0188-1024x1024.jpeg 1024w, https:\/\/fildoux.fr\/wp-content\/uploads\/2024\/01\/IMG_0188-300x300.jpeg 300w, https:\/\/fildoux.fr\/wp-content\/uploads\/2024\/01\/IMG_0188-150x150.jpeg 150w, https:\/\/fildoux.fr\/wp-content\/uploads\/2024\/01\/IMG_0188-768x768.jpeg 768w, https:\/\/fildoux.fr\/wp-content\/uploads\/2024\/01\/IMG_0188-1536x1536.jpeg 1536w, https:\/\/fildoux.fr\/wp-content\/uploads\/2024\/01\/IMG_0188-2048x2048.jpeg 2048w, https:\/\/fildoux.fr\/wp-content\/uploads\/2024\/01\/IMG_0188-1568x1568.jpeg 1568w, https:\/\/fildoux.fr\/wp-content\/uploads\/2024\/01\/IMG_0188-450x450.jpeg 450w, https:\/\/fildoux.fr\/wp-content\/uploads\/2024\/01\/IMG_0188-600x600.jpeg 600w, https:\/\/fildoux.fr\/wp-content\/uploads\/2024\/01\/IMG_0188-100x100.jpeg 100w\" sizes=\"auto, (max-width: 1024px) 100vw, 1024px\" \/><\/figure>\n\n\n\n<p class=\"has-text-align-center\"><strong>Bienvenue dans ma for\u00eat tricot\u00e9e&nbsp;!<\/strong><\/p>\n\n\n\n<p class=\"has-text-align-center\">Je r\u00e9alise avec mes aiguilles tout ce que vous pouvez voir sur mon site&nbsp;: les animaux, leurs v\u00eatements et leurs accessoires ainsi qu\u2019une gamme de ch\u00e2les, \u00e9charpes \u2026 pour adultes<\/p>\n\n\n\n<p class=\"has-text-align-center\">Chaque pi\u00e8ce est unique.<\/p>\n\n\n\n<p class=\"has-text-align-center\"><\/p>\n\n\n\n<p class=\"has-text-align-center\">Tous les animaux sont fabriqu\u00e9s \u00e0 partir de mat\u00e9riaux neufs et garnis de polyester card\u00e9 de haute qualit\u00e9 conforme \u00e0 la norme EN71.<\/p>\n\n\n\n<p class=\"has-text-align-center\">Bien que chaque article soit fabriqu\u00e9 avec soin, il ne r\u00e9sistera pas \u00e0 des s\u00e9ances de jeu intensif ou \u00e0 des lavages r\u00e9p\u00e9t\u00e9s. Il ne convient donc pas \u00e0 une utilisation comme jeu pour un jeune enfant. De plus les v\u00eatements sont parfois ferm\u00e9s par de petits boutons et certains animaux ont des yeux en verre qui pourraient constituer un risque d\u2019\u00e9touffement.<\/p>\n\n\n\n<p class=\"has-text-align-center\">Les animaux sont donc mis en vente en tant qu\u2019articles d\u00e9coratifs ou objets de collection.<\/p>\n\n\n\n<p class=\"has-text-align-center\">Pour des demandes particuli\u00e8res&nbsp;: couleurs, choix de l&rsquo;animal, pas de boutons, visage brod\u00e9, fils certifi\u00e9s&nbsp; Oeko-Tex\u00ae, Vous pouvez utiliser le formulaire \u00ab&nbsp;sur-mesure&nbsp;\u00bb du site.<\/p>\n","protected":false},"excerpt":{"rendered":"<p>Les nouveaux Doudoux, enti\u00e8rement tricot\u00e9s en coton dans un fil certifi\u00e9 Oeko-Tex vous attendent ! Vous pouvez \u00e9galement choisir votre Doudou unique, contactez-moi et je le tricoterai selon vos souhaits (animal, v\u00eatements, accessoires) Bienvenue dans ma for\u00eat tricot\u00e9e&nbsp;! Je r\u00e9alise avec mes aiguilles tout ce que vous pouvez voir sur mon site&nbsp;: les animaux, leurs&hellip; <a class=\"more-link\" href=\"https:\/\/fildoux.fr\/\">Poursuivre la lecture <span class=\"screen-reader-text\">Bienvenue chez Fil Doux<\/span><\/a><\/p>\n","protected":false},"author":2,"featured_media":0,"parent":0,"menu_order":0,"comment_status":"closed","ping_status":"closed","template":"","meta":{"footnotes":""},"class_list":["post-17","page","type-page","status-publish","hentry","entry"],"jetpack_sharing_enabled":true,"_links":{"self":[{"href":"https:\/\/fildoux.fr\/index.php\/wp-json\/wp\/v2\/pages\/17","targetHints":{"allow":["GET"]}}],"collection":[{"href":"https:\/\/fildoux.fr\/index.php\/wp-json\/wp\/v2\/pages"}],"about":[{"href":"https:\/\/fildoux.fr\/index.php\/wp-json\/wp\/v2\/types\/page"}],"author":[{"embeddable":true,"href":"https:\/\/fildoux.fr\/index.php\/wp-json\/wp\/v2\/users\/2"}],"replies":[{"embeddable":true,"href":"https:\/\/fildoux.fr\/index.php\/wp-json\/wp\/v2\/comments?post=17"}],"version-history":[{"count":70,"href":"https:\/\/fildoux.fr\/index.php\/wp-json\/wp\/v2\/pages\/17\/revisions"}],"predecessor-version":[{"id":812,"href":"https:\/\/fildoux.fr\/index.php\/wp-json\/wp\/v2\/pages\/17\/revisions\/812"}],"wp:attachment":[{"href":"https:\/\/fildoux.fr\/index.php\/wp-json\/wp\/v2\/media?parent=17"}],"curies":[{"name":"wp","href":"https:\/\/api.w.org\/{rel}","templated":true}]}}